eatest common factor of 285 and 45?
15
Calculate the highest common factor of 6540 and 5.
5
Calculate the highest common divisor of 7967 and 31.
31
What is the highest common factor of 13354 and 99?
11
Calculate the highest common factor of 82 and 14678.
82
What is the highest common factor of 6312 and 18?
6
What is the greatest common divisor of 40761 and 126?
63
Calculate the greatest common factor of 4 and 12.
4
What is the greatest common divisor of 14 and 10178?
14
What is the highest common divisor of 40 and 112?
8
What is the greatest common factor of 56902 and 46?
46
Calculate the highest common divisor of 25 and 11675.
25
What is the greatest common factor of 184 and 506?
46
Calculate the highest common factor of 3178 and 21.
7
What is the greatest common divisor of 31 and 248?
31
What is the highest common divisor of 71 and 284?
71
What is the highest common divisor of 5697 and 27?
27
Calculate the greatest common factor of 54 and 2538.
54
Calculate the greatest common divisor of 2653 and 35.
7
What is the greatest common divisor of 164 and 260?
4
Calculate the highest common factor of 76 and 323.
19
What is the greatest common divisor of 510 and 30?
30
Calculate the highest common divisor of 2176 and 1152.
128
What is the greatest common factor of 247 and 29887?
247
Calculate the highest common divisor of 7 and 91.
7
What is the greatest common divisor of 15 and 1335?
15
Calculate the highest common factor of 345 and 8349.
69
Calculate the greatest common divisor of 156 and 4134.
78
What is the highest common factor of 11 and 9647?
11
Calculate the highest common divisor of 92 and 529.
23
Calculate the greatest common factor of 37 and 10841.
37
What is the highest common factor of 2900 and 232?
116
Calculate the greatest common factor of 3538 and 58.
58
What is the greatest common divisor of 62 and 1054?
62
Calculate the greatest common factor of 100 and 4300.
100
What is the greatest common divisor of 8 and 113?
1
What is the greatest common divisor of 21 and 81?
3
Calculate the highest common factor of 62 and 93.
31
Calculate the highest common factor of 22 and 220.
22
What is the greatest common factor of 864 and 160?
32
What is the highest common factor of 3 and 501?
3
What is the greatest common factor of 58 and 1363?
29
Calculate the highest common divisor of 1530 and 750.
30
What is the greatest common divisor of 93 and 1?
1
Calculate the greatest common divisor of 42 and 11823.
21
What is the highest common factor of 7 and 23?
1
What is the highest common divisor of 492 and 12?
12
Calculate the greatest common divisor of 21228 and 12.
12
Calculate the highest common divisor of 285 and 57.
57
What is the highest common divisor of 524 and 4?
4
What is the highest common factor of 4953 and 78?
39
What is the highest common divisor of 2110 and 70?
10
Calculate the highest common factor of 15 and 615.
15
What is the greatest common factor of 20 and 16?
4
Calculate the greatest common factor of 51 and 68.
17
What is the highest common divisor of 4908 and 192?
12
What is the highest common divisor of 2 and 188?
2
Calculate the highest common divisor of 3932 and 12.
4
What is the greatest common divisor of 1626 and 78?
6
Calculate the greatest common divisor of 570 and 90.
30
Calculate the greatest common divisor of 85 and 51.
17
What is the highest common divisor of 72 and 126?
18
What is the greatest common factor of 49 and 112?
7
Calculate the highest common factor of 156 and 8164.
52
Calculate the highest common factor of 6956 and 148.
148
What is the greatest common factor of 52 and 10634?
26
Calculate the highest common divisor of 36 and 2136.
12
What is the highest common divisor of 5328 and 185?
37
Calculate the highest common divisor of 43 and 21414.
43
Calculate the greatest common factor of 1247 and 29.
29
Calculate the greatest common factor of 7372 and 190.
38
What is the highest common divisor of 56 and 847?
7
What is the highest common divisor of 13932 and 24?
12
What is the highest common factor of 222 and 37?
37
Calculate the highest common divisor of 19545 and 15.
15
Calculate the highest common divisor of 70 and 385.
35
What is the greatest common factor of 4945 and 115?
115
Calculate the highest common factor of 84 and 28.
28
What is the highest common factor of 1099 and 21?
7
Calculate the highest common divisor of 204 and 17.
17
What is the highest common factor of 376 and 1081?
47
Calculate the greatest common factor of 3933 and 19.
19
What is the highest common divisor of 1771 and 6072?
253
What is the highest common divisor of 44181 and 9?
9
Calculate the highest common factor of 87 and 3.
3
What is the greatest common divisor of 15 and 405?
15
What is the greatest common divisor of 426 and 2698?
142
Calculate the highest common divisor of 236 and 92984.
236
What is the greatest common divisor of 16 and 304?
16
Calculate the highest common divisor of 504 and 3570.
42
Calculate the greatest common factor of 6 and 5826.
6
What is the highest common factor of 96 and 128?
32
Calculate the greatest common divisor of 238 and 182.
14
What is the highest common divisor of 655 and 786?
131
What is the greatest common factor of 222 and 592?
74
What is the highest common factor of 5729 and 34?
17
What is the greatest common factor of 5410 and 130?
10
What is the greatest common divisor of 7144 and 152?
152
What is the highest common divisor of 125 and 90?
5
What is the highest common divisor of 6072 and 33?
33
Calculate the greatest common factor of 142 and 1065.
71
Calculate the highest common divisor of 928 and 1888.
32
What is the greatest common divisor of 2 and 381?
1
Calculate the highest common factor of 377 and 522.
29
What is the highest common factor of 3968 and 248?
248
Calculate the highest common divisor of 1368 and 432.
72
What is the highest common factor of 837 and 135?
27
What is the highest common factor of 686 and 98?
98
What is the highest common divisor of 70 and 28?
14
What is the highest common factor of 87 and 145?
29
What is the greatest common divisor of 630 and 26880?
210
Calculate the greatest common divisor of 12 and 4.
4
Calculate the greatest common divisor of 368 and 32.
16
Calculate the greatest common factor of 3 and 7.
1
Calculate the greatest common factor of 5 and 1405.
5
Calculate the highest common divisor of 96 and 2.
2
Calculate the greatest common factor of 528 and 80.
16
Calculate the greatest common divisor of 240 and 90.
30
What is the greatest common factor of 7018 and 726?
242
Calculate the highest common factor of 432 and 4464.
144
Calculate the highest common divisor of 1 and 37.
1
What is the highest common divisor of 1200 and 210?
30
What is the highest common factor of 2264 and 24?
8
Calculate the greatest common factor of 13952 and 109.
109
Calculate the greatest common factor of 2 and 59.
1
What is the greatest common divisor of 1144 and 77?
11
Calculate the greatest common factor of 291 and 48.
3
What is the highest common factor of 64 and 15488?
64
What is the highest common factor of 56 and 1316?
28
Calculate the greatest common factor of 6 and 174.
6
What is the highest common factor of 544 and 408?
136
What is the highest common factor of 26 and 702?
26
What is the highest common divisor of 152 and 31768?
152
What is the highest common factor of 110 and 670?
10
What is the highest common factor of 7 and 7392?
7
Calculate the greatest common factor of 388 and 1261.
97
Calculate the greatest common factor of 37 and 1.
1
Calculate the greatest common factor of 5 and 40.
5
What is the highest common divisor of 64 and 24?
8
Calculate the highest common factor of 31 and 2511.
31
Calculate the highest common factor of 814 and 66.
22
Calculate the highest common factor of 666 and 1386.
18
What is the highest common factor of 21 and 57?
3
Calculate the greatest common divisor of 747 and 36.
9
Calculate the greatest common divisor of 16 and 464.
16
What is the highest common factor of 1387 and 219?
73
What is the greatest common factor of 1265 and 230?
115
What is the greatest common factor of 550 and 100?
50
Calculate the greatest common factor of 33158 and 118.
118
Calculate the greatest common divisor of 88 and 1958.
22
Calculate the greatest common divisor of 29